the greatest common divisor of 10494 and 14747886.
954
Calculate the greatest common factor of 2304 and 2241504.
288
Calculate the highest common factor of 99764 and 17444.
196
Calculate the highest common factor of 537 and 390945129.
537
Calculate the highest common factor of 3780 and 152192250.
1890
Calculate the greatest common divisor of 181752592 and 392.
56
What is the greatest common divisor of 615 and 161745?
615
Calculate the highest common divisor of 34310 and 22518310.
730
What is the greatest common factor of 1842 and 7864726?
614
What is the highest common divisor of 36064 and 3978464?
224
Calculate the highest common divisor of 1190742 and 42.
42
What is the highest common divisor of 6326 and 2033809?
3163
Calculate the greatest common factor of 1532330 and 7130.
310
Calculate the greatest common divisor of 766132 and 1512.
4
Calculate the highest common factor of 28551 and 5884110.
93
What is the highest common factor of 59855035 and 102505?
7885
Calculate the greatest common factor of 14605864 and 64.
8
What is the greatest common divisor of 8268 and 315835?
13
Calculate the greatest common divisor of 1896 and 3895964.
316
Calculate the highest common factor of 28952 and 44888008.
4136
What is the highest common divisor of 1143830 and 90?
10
Calculate the highest common factor of 13253664 and 4704.
96
Calculate the greatest common divisor of 2812 and 14921878.
1406
What is the greatest common factor of 38399 and 2950187?
817
Calculate the greatest common divisor of 17282081 and 159.
53
What is the highest common divisor of 1265667 and 1530?
51
What is the highest common factor of 734 and 248543777?
367
What is the highest common divisor of 887558 and 518?
14
Calculate the highest common factor of 80 and 164565.
5
Calculate the highest common factor of 60 and 3047366940.
60
What is the greatest common divisor of 19310 and 16090?
10
What is the greatest common factor of 23274368 and 639?
71
What is the greatest common factor of 1085 and 81430645?
155
Calculate the highest common divisor of 3527351 and 1704.
71
Calculate the highest common divisor of 92 and 4726339.
23
Calculate the greatest common factor of 111984408 and 1423.
1423
Calculate the highest common divisor of 18 and 2255858226.
18
What is the greatest common divisor of 2666038 and 2?
2
What is the highest common divisor of 65489 and 158584?
43
Calculate the highest common factor of 16 and 11196056.
8
What is the highest common divisor of 27974863 and 22589?
3227
What is the greatest common divisor of 1373 and 62908114?
1373
Calculate the highest common factor of 180788833 and 13569.
4523
What is the highest common factor of 341511 and 120?
3
What is the highest common divisor of 14904 and 125550?
162
What is the highest common divisor of 9674288 and 2288?
208
Calculate the highest common divisor of 9492546 and 231.
21
Calculate the highest common factor of 55 and 362657152.
11
Calculate the highest common factor of 93 and 35087846.
31
What is the greatest common divisor of 6093886 and 464?
58
What is the highest common divisor of 4834261 and 17251?
1327
What is the highest common divisor of 34085015 and 3620?
905
Calculate the highest common divisor of 326376 and 11664.
216
Calculate the greatest common factor of 8061 and 5897.
1
What is the greatest common factor of 6421851 and 1908?
477
What is the highest common divisor of 68 and 218332955?
17
What is the greatest common divisor of 1214 and 1248277897?
607
Calculate the greatest common factor of 131290 and 133190.
190
What is the greatest common factor of 73363922 and 4726?
278
Calculate the highest common divisor of 30 and 25714890.
30
Calculate the greatest common divisor of 4303439 and 2804.
701
What is the greatest common divisor of 8555087 and 174?
29
Calculate the greatest common factor of 11076504 and 72.
24
What is the highest common divisor of 161702643 and 183?
183
Calculate the highest common divisor of 157153831 and 1343.
1343
Calculate the greatest common factor of 8507 and 92310.
181
Calculate the highest common factor of 937704 and 485534.
878
Calculate the greatest common divisor of 387501 and 114367.
37
What is the highest common divisor of 300742 and 507?
13
What is the highest common divisor of 17265 and 4798519?
1151
Calculate the highest common divisor of 3152 and 8036418.
394
Calculate the highest common divisor of 45009362 and 188.
94
What is the greatest common divisor of 14952 and 313725?
267
Calculate the highest common divisor of 20778885 and 4770.
45
Calculate the greatest common factor of 14309 and 101.
1
What is the greatest common divisor of 105224 and 50176?
56
What is the highest common factor of 157931072 and 12948?
4316
What is the greatest common factor of 263474 and 136166?
206
What is the highest common divisor of 15235292 and 1196?
92
What is the highest common factor of 100101 and 4819?
61
Calculate the highest common divisor of 506990311 and 46.
23
Calculate the highest common factor of 12668 and 3556541.
3167
What is the greatest common divisor of 72675 and 72542475?
4275
Calculate the highest common divisor of 9400 and 2496640.
1880
What is the greatest common factor of 2304546 and 4929?
159
What is the greatest common divisor of 16092 and 1162620?
108
What is the highest common divisor of 832370 and 77?
77
Calculate the highest common divisor of 6696719 and 29493.
113
Calculate the highest common divisor of 18 and 10478562.
6
Calculate the greatest common divisor of 310 and 240276288.
62
What is the highest common divisor of 78332 and 358?
2
What is the greatest common factor of 32 and 63887072?
32
Calculate the highest common divisor of 9513792 and 15687.
747
What is the highest common factor of 150974 and 70555?
137
What is the highest common divisor of 2209904 and 72571?
2341
Calculate the greatest common divisor of 4400657 and 1244889.
5123
Calculate the greatest common factor of 22210 and 74510.
10
What is the greatest common divisor of 32 and 55546264?
8
Calculate the highest common divisor of 10281 and 5548313.
3427
Calculate the greatest common factor of 272076 and 48822.
474
What is the highest common factor of 228 and 5853156?
12
What is the greatest common factor of 94581 and 21167838?
3051
Calculate the highest common factor of 966 and 7067946.
138
What is the greatest common divisor of 8 and 28770968?
8
Calculate the greatest common factor of 644 and 28874223.
161
Calculate the highest common divisor of 1007 and 513076.
19
What is the highest common divisor of 595 and 4036395?
85
What is the greatest common divisor of 466872076 and 88?
44
Calculate the highest common factor of 124789 and 255584.
7
What is the greatest common factor of 55850 and 11900?
50
Calculate the highest common factor of 18 and 434604726.
18
Calculate the greatest common divisor of 230 and 250445160.
230
Calculate the highest common divisor of 13153848 and 29607.
417
Calculate the greatest common factor of 520 and 24184095.
65
What is the highest common divisor of 51 and 42278830?
17
What is the highest common divisor of 17802 and 4942033?
989
What is the greatest common factor of 152969 and 878389?
1577
What is the highest common divisor of 251 and 38624131?
251
What is the highest common factor of 3405 and 32007?
681
Calculate the highest common factor of 2007 and 123448786.
223
Calculate the greatest common factor of 1 and 16981071.
1
What is the greatest common divisor of 944 and 242077?
59
What is the highest common factor of 5086880 and 432?
16
Calculate the greatest common factor of 651 and 13160399.
217
What is the greatest common divisor of 228954 and 4224?
66
What is the greatest common divisor of 70864 and 381512?
824
What is the greatest common factor of 400 and 1277675?
25
What is the greatest common factor of 40535518 and 2851?
2851
Calculate the greatest common factor of 1605 and 4435345.
5
What is the highest common factor of 974554 and 4610?
922
Calculate the highest common factor of 10332205 and 1435.
205
Calculate the highest common factor of 106 and 1343762.
106
Calculate the highest common divisor of 842616 and 212895.
2241
Calculate the highest common factor of 2693137 and 38732.
421
What is the highest common factor of 6283 and 93269?
61
Calculate the highest 